at are the prime factors of o?
3, 19
Suppose -3*o - 4*m - 2245 + 48257 = 0, m - 15336 = -o. List the prime factors of o.
2, 3833
Suppose 0 = 9*x - 104 + 41. What are the prime factors of (2250/8)/(x + (-371)/56)?
2, 3, 5
Let k(d) = -d**2 - 17*d - 13. Let q be k(-16). Let c(u) = 121*u + 1. Let v be c(-1). What are the prime factors of v*(-2)/q*1?
2, 5
Let n(v) = 6 + 15*v - 13*v - 8*v - 41. Let j(h) = h**2 - 9*h - 8. Let q be j(8). List the prime factors of n(q).
61
Suppose -143*a = -135*a - 21408. What are the prime factors of a?
2, 3, 223
Let s(d) be the first derivative of d**4/4 - 22*d**3/3 - 8*d**2 + 51*d + 38. What are the prime factors of s(23)?
2, 53
Let m(y) = -389*y - 29. Let c be m(2). Let k = c + 2185. List the prime factors of k.
2, 13, 53
Let x be ((-1 - 0)/((-2)/(-42)))/(-1). List the prime factors of x*(-5)/15 + 585.
2, 17
Suppose v + 5*j = 2569, 57*v + 4*j - 7674 = 54*v. List the prime factors of v.
2, 1277
Let t(v) = 446*v**2 + 108*v + 45. What are the prime factors of t(7)?
5, 23, 197
Let z = -10 - -28. Let f be ((-120)/(-16))/(-5)*(-16)/(-6). List the prime factors of f/z + 3987/81.
7
Let r = -1901 + 3693. Suppose r = 5*p + 2*p. What are the prime factors of p?
2
Suppose -43*s - 3140 = -48*s. What are the prime factors of (-12)/30 - s/(-20)?
31
Let y = 173 - 85. Suppose q + 0*q - 3*u + 4 = 0, -61 = 4*q - 3*u. Let r = y + q. What are the prime factors of r?
3, 23
Suppose 6*j + 189 = 9*j. Suppose j - 38 = 5*m. Suppose -34 = -m*i + 6. List the prime factors of i.
2
Let f(s) be the first derivative of 11*s**3/3 - 7*s**2/2 + s + 43. What are the prime factors of f(6)?
5, 71
Let t(z) = 123*z - 30. Let f(j) = -246*j + 60. Let q(y) = -4*f(y) - 7*t(y). List the prime factors of q(2).
2, 3
Let n = 71706 + -11775. List the prime factors of n.
3, 6659
Let l(u) = 9*u + 9. Let z be l(0). Let w(h) be the first derivative of -h**3/3 + 6*h**2 + 10*h - 1. List the prime factors of w(z).
37
Suppose 2*x - x = -4*x. Suppose 4*i = -3*w + 1666, 0 = -3*w - x*w - 3*i + 1668. List the prime factors of w.
2, 3, 31
Let r be (1 - (-44)/28)*(-14)/(-3). Let x be 1/(((-4)/(-744))/((-8)/r)). Let p = 208 + x. What are the prime factors of p?
2, 3, 7
Let w(t) = -2*t + 29. Let c be w(11). Let x(q) = q**3 - 7*q**2 + 3*q - 12. Let l be x(c). Suppose 20*o - l*o = 1903. List the prime factors of o.
173
Suppose -3*u + 692 = 2*f, -2*u = -f - 580 + 121. List the prime factors of (-50)/(-4) - (-13 - u/(-20)).
2, 7
What are the prime factors of 4/1 + 2 - 7/(35/(-20770))?
2, 5, 13
Let q(v) = 489*v**2 + 1075*v + 4292. What are the prime factors of q(-4)?
2, 977
Let j = -4370 - -8755. What are the prime factors of j?
5, 877
Suppose 0*f + 4*h + 18 = 2*f, -4*f + 26 = -3*h. List the prime factors of 217 - (f - (-16)/(-4)).
2, 3
Let v = 147 + -142. Suppose v*d + 25 = z - 10, 3*d - 94 = -4*z. What are the prime factors of z?
5
Let c(b) = 73*b**2 + 29*b - 417. List the prime factors of c(21).
3, 5, 17, 127
Let w = 158 - 142. Suppose w*x - 1649 = 2031. What are the prime factors of x?
2, 5, 23
Suppose 2*v + 0 = 14. Let d(n) = 28*n - 16. Let p be d(v). Suppose 5*h + 6 - p = 2*j, 4*j = -2*h + 60. List the prime factors of h.
2, 17
Let c = 407 - 169. Let f = 778 - c. List the prime factors of f.
2, 3, 5
Let c(f) = -2*f**3 + 19*f**2 + 13*f - 27. Let u be c(10). What are the prime factors of (-43 + 0)/(6/(-342)*u)?
19, 43
Let l = 4891 + -1011. What are the prime factors of l?
2, 5, 97
Let o = -33 - -44. Suppose o*z = 4*z + 1575. Suppose 2*j + z = 5*j. What are the prime factors of j?
3, 5
Let g be 11/(198/12)*3. Suppose 2074 = 5*o - g*x, -x = 4*x - 15. What are the prime factors of o?
2, 13
Suppose y - 1544 + 416 = -4*u, 4*y - 4512 = -2*u. List the prime factors of y.
2, 3, 47
Let n be (10/(-25))/(3 + 46/(-15)). Let o(z) = 2*z**3 - 6*z**2 + 7*z - 9. Let q be o(n). Let f = q + -88. List the prime factors of f.
7, 23
Let t be 8 - (-11 + 8 + 19). What are the prime factors of (-11385)/(-230)*t/3*-2?
2, 3, 11
Suppose 5*j + y - 257127 + 92189 = 0, -3*j + 98966 = -y. What are the prime factors of j?
2, 3, 2749
What are the prime factors of 9/((-54)/(-60)) - -31599 - -9?
2, 15809
List the prime factors of ((-627)/(-27) - -5)/((-10)/(-22590)).
2, 127, 251
List the prime factors of ((2/(-4))/((-7)/5894))/((-13)/(-1040)).
2, 5, 421
Let x be 3 + 3 + 6/(-1). Suppose x = -9*c + 4*c - 8445. List the prime factors of c/(-12) + -2*4/(-32).
3, 47
Let o(i) = -40*i + 45 + 14 - 7*i - 224. List the prime factors of o(-23).
2, 229
Let o(z) = -z + 14. Let b be o(18). Let d be b/(-10) + 3399/15 + -3. Let i = d + -49. What are the prime factors of i?
5, 7
Suppose 1433*k - 1434*k + 6060 = -4*t, 0 = 4*t - 24. List the prime factors of k.
2, 3, 13
Let t(u) = -2*u - 21. Let j be t(-14). Let k be (j/(-2))/(-7)*4. Let b(h) = h**3 + h**2 - 7*h + 5. List the prime factors of b(k).
3
List the prime factors of (9 - 0)*(-432)/(-324).
2, 3
Let x = 133 + -30. Let v = x - 358. Let g = -172 - v. List the prime factors of g.
83
What are the prime factors of ((-16 - -15)*11215)/(4/(-8) + 0)?
2, 5, 2243
List the prime factors of ((-353140)/(-8))/5 - (-2)/(-7 + 3).
2, 2207
Suppose 0 = 4*k - 9678 - 13918. List the prime factors of k.
17, 347
Let i = 2782 + 1137. List the prime factors of i.
3919
What are the prime factors of (-4088)/(-2) + -2 - 4?
2, 1019
Suppose -15*o + 13*o = 0. Suppose -7*v - 4*s + 1258 = -4*v, o = 2*v + s - 842. What are the prime factors of v?
2, 211
Let f = 3240 - 575. What are the prime factors of f?
5, 13, 41
Let s = -45 - -91. Let g = 8 - 4. Suppose g*b = 2*b + s. List the prime factors of b.
23
Let m(n) = -7*n + 9. Let l(i) = i**3 - 32*i + 71*i + 5*i**2 - 6 - 25*i + 4*i**2. Let a be l(-7). What are the prime factors of m(a)?
3, 17
Suppose 0 = -3*i + 6 + 6. Suppose 3*k + i = -2*z, 0 = -7*k + 4*k - z - 8. What are the prime factors of (615/(-21))/(-5) + k/(-28)?
2, 3
Let r = -6191 - -6190. Let i = -29 + 19. List the prime factors of 11 + i + r + 48.
2, 3
Let z(c) = -c**2 - 5*c - 9. Let r be z(-4). Let b(n) = -70*n + 171. What are the prime factors of b(r)?
521
Suppose -27 = -4*k - 15. Suppose 5*j + k*j = 24. Suppose -u + 384 = 4*a + j*u, 2*a - 192 = 3*u. What are the prime factors of a?
2, 3
Suppose 155*i - 510361 = -17*i + 315583. List the prime factors of i.
2, 7
Suppose -4*j - 4 = 0, -4*x + 6*x - 171 = 5*j. Suppose k = 176 + x. List the prime factors of k.
7, 37
Let z(t) = 22*t + 23. Suppose 18*l - 2*r = 14*l + 44, 40 = 5*l + 5*r. List the prime factors of z(l).
3
Let n(k) = k**3 - 17*k**2 + 22*k - 37. Let d = -168 - -186. List the prime factors of n(d).
683
Suppose -3*c - 57 = -a, -18*a - 2*c = -20*a + 94. Let f = 17 - 9. Let o = a - f. List the prime factors of o.
2, 17
Let i(a) = 1650*a - 6696. List the prime factors of i(20).
2, 3, 137
Let l = -28 + 41. Suppose 3*c = 3*x - 4*x - l, -4*c = 4. List the prime factors of x/4*2*-9.
3, 5
Let t = 107 - 103. Let w be (-2085)/(-9) - (-3)/9. Suppose -w = -t*r - 32. What are the prime factors of r?
2, 5
Let o(k) = 305*k**2 - 61*k + 1. List the prime factors of o(6).
5, 11, 193
Let k(v) = 6*v**3 + 2*v**2 - 12*v - 58. Let n be k(-3). Let r = 638 - 392. Let l = n + r. List the prime factors of l.
2, 5
Suppose -2926 = 3*y + 3*c - 526, 2*y = 2*c - 1616. Let p = y + 1816. What are the prime factors of p?
2, 11, 23
Let b(o) = 49*o**2 - 108*o - 1863. What are the prime factors of b(-14)?
19, 487
Let m(s) = -13*s - 1. Let r be m(5). Let j be (1/(-1))/(-7 - 156/(-24)). What are the prime factors of 1*r/(j + -3)?
2, 3, 11
Let v(i) = -10*i**2 - 49*i**3 + 44*i**3 - 23 - 8*i**2. List the prime factors of v(-7).
2, 3, 5
Let h(q) = 327*q - 772. What are the prime factors of h(11)?
5, 113
Suppose -11*y - 3*t - 233574 = -16*y, 186816 = 4*y + 3*t. What are the prime factors of y?
2, 3, 5, 173
Let k be (-7)/(35/2)*(-1 + -9). Suppose -7 - 25 = k*l. Let i(t) = -t**3 - 7*t**2 - 3*t + 1. What are the prime factors of i(l)?
89
Suppose -4*s + 3*s + 7 = 0. Let w be s/(21/18)*-11. Let v = 114 + w. What are the prime factors of v?
2, 3
Let a(j) = 105*j**3 + 2*j**2 - 1. Let y(f) = -f**2 + 6*f + 56. Let w be y(11). List the prime factors of a(w).
2, 53
Let f(h) = h**2 - 5*h + 8. Let x be f(4). Suppose -x*k + 1 + 3 = 0. What are the prime factors of 82 - k - 30/15?
79
Let y(k) = k**2 